{"id":2,"date":"2026-01-22T16:42:20","date_gmt":"2026-01-22T16:42:20","guid":{"rendered":"http:\/\/pnkgdof.cluster129.hosting.ovh.net\/?page_id=2"},"modified":"2026-02-08T18:50:25","modified_gmt":"2026-02-08T18:50:25","slug":"a-propos","status":"publish","type":"page","link":"https:\/\/citeforet.fr\/index.php\/a-propos\/","title":{"rendered":"\u00e0 propos"},"content":{"rendered":"\n<p><strong>L&#8217;histoire <\/strong><\/p>\n\n\n\n<p>Joinville Cit\u00e9 for\u00eat est n\u00e9e dans un contexte scolaire, dans la t\u00eate d&#8217;un prof puis dans celles de repr\u00e9sentants de parents d&#8217;\u00e9l\u00e8ves &#8211; autour d&#8217;activit\u00e9s de permaculture propos\u00e9es aux enfants. Cet ancrage dans les \u00e9coles est un des piliers de l&#8217;action de l&#8217;association, qui a depuis 3 ans diversifi\u00e9 ses actions pour s&#8217;adresser aujourd&#8217;hui \u00e0 tous les publics. Joinville Cit\u00e9 for\u00eat a \u00e9t\u00e9 fond\u00e9e par l&#8217;Assembl\u00e9e g\u00e9n\u00e9rale constitutive du 1er f\u00e9vrier 2023, .  <\/p>\n\n\n\n<p><strong>Les valeurs<\/strong><\/p>\n\n\n\n<p>Nous sommes fondamentalement apolitiques, la\u00efques, nous privil\u00e9gions l&#8217;action locale en essayant de d\u00e9velopper un r\u00e9seau territorial de lieu, de pratiques et de personnes investies dans le d\u00e9veloppement durable.   <\/p>\n\n\n\n<p><strong>Les personnes <\/strong><\/p>\n\n\n\n<p>L&#8217;assocation a \u00e9t\u00e9 fond\u00e9e par Yanek Husianycia (enseignant), Camille Billecocq et \u00c9tienne Galliand (parents d&#8217;\u00e9l\u00e8ves). Ils ont confi\u00e9 \u00e0 Juliette Wion, animatrice en agro\u00e9cologie urbaine, des missions d&#8217;interventions en milieu scolaire qui ont ancr\u00e9 l&#8217;action de l&#8217;association. Aujourd&#8217;hui, Juliette est une personne pivot dans nos op\u00e9rations scolaires &#8211; et m\u00eame au-del\u00e0 \ud83d\ude42   <\/p>\n\n\n\n<p><\/p>\n","protected":false},"excerpt":{"rendered":"<p>L&#8217;histoire Joinville Cit\u00e9 for\u00eat est n\u00e9e dans un contexte scolaire, dans la t\u00eate d&#8217;un prof puis dans celles de repr\u00e9sentants de parents d&#8217;\u00e9l\u00e8ves &#8211; autour d&#8217;activit\u00e9s de permaculture propos\u00e9es aux enfants. Cet ancrage dans les \u00e9coles est un des piliers de l&#8217;action de l&#8217;association, qui a depuis 3 ans diversifi\u00e9 ses actions pour s&#8217;adresser aujourd&#8217;hui [&hellip;]<\/p>\n","protected":false},"author":1,"featured_media":0,"parent":0,"menu_order":0,"comment_status":"closed","ping_status":"closed","template":"","meta":{"footnotes":""},"class_list":["post-2","page","type-page","status-publish","hentry"],"_links":{"self":[{"href":"https:\/\/citeforet.fr\/index.php\/wp-json\/wp\/v2\/pages\/2","targetHints":{"allow":["GET"]}}],"collection":[{"href":"https:\/\/citeforet.fr\/index.php\/wp-json\/wp\/v2\/pages"}],"about":[{"href":"https:\/\/citeforet.fr\/index.php\/wp-json\/wp\/v2\/types\/page"}],"author":[{"embeddable":true,"href":"https:\/\/citeforet.fr\/index.php\/wp-json\/wp\/v2\/users\/1"}],"replies":[{"embeddable":true,"href":"https:\/\/citeforet.fr\/index.php\/wp-json\/wp\/v2\/comments?post=2"}],"version-history":[{"count":7,"href":"https:\/\/citeforet.fr\/index.php\/wp-json\/wp\/v2\/pages\/2\/revisions"}],"predecessor-version":[{"id":166,"href":"https:\/\/citeforet.fr\/index.php\/wp-json\/wp\/v2\/pages\/2\/revisions\/166"}],"wp:attachment":[{"href":"https:\/\/citeforet.fr\/index.php\/wp-json\/wp\/v2\/media?parent=2"}],"curies":[{"name":"wp","href":"https:\/\/api.w.org\/{rel}","templated":true}]}}